{"id":16,"date":"2024-03-13T10:39:36","date_gmt":"2024-03-13T09:39:36","guid":{"rendered":"https:\/\/cafeteriaculturalsalvaterra.com\/?page_id=16"},"modified":"2024-03-25T11:01:08","modified_gmt":"2024-03-25T10:01:08","slug":"carta","status":"publish","type":"page","link":"https:\/\/cafeteriaculturalsalvaterra.com\/index.php\/carta\/","title":{"rendered":"Carta"},"content":{"rendered":"\n<h2 class=\"wp-block-heading has-text-align-center\">Nuestra carta<\/h2>\n\n\n\n<p><br>\u00a1Descubre el placer en cada sorbo y bocado en nuestro Centro Cultural en Salvaterra!<\/p>\n\n\n\n<p>Te invitamos a disfrutar de una experiencia sensorial \u00fanica con nuestras deliciosas bebidas y bocadillos. Desde la intensidad arom\u00e1tica de nuestros caf\u00e9s hasta la frescura revitalizante de nuestros refrescos artesanales, cada opci\u00f3n est\u00e1 dise\u00f1ada para complacer tu paladar.<\/p>\n\n\n\n<p>Siente c\u00f3mo el aroma del caf\u00e9 reci\u00e9n hecho te envuelve mientras disfrutas de nuestra variedad de especialidades, desde el cl\u00e1sico espresso hasta el reconfortante latte. Para refrescarte, prueba nuestras limonadas naturales o d\u00e9jate llevar por la dulzura de nuestros batidos de frutas frescas.<\/p>\n\n\n\n<p>\u00bfHambre? Nuestros bocadillos son una explosi\u00f3n de sabores que satisfar\u00e1n tus antojos. Desde s\u00e1ndwiches cl\u00e1sicos hasta creaciones gourmet, cada bocado es una experiencia deliciosa.<\/p>\n\n\n\n<p>\u00a1Ven y descubre el placer en cada sorbo y bocado en nuestro Centro Cultural en Salvaterra!<\/p>\n\n\n\n<p> <\/p>\n\n\n\n<div style=\"height:75px\" aria-hidden=\"true\" class=\"wp-block-spacer\"><\/div>\n\n\n\n<figure class=\"wp-block-gallery has-nested-images columns-default is-cropped wp-block-gallery-1 is-layout-flex wp-block-gallery-is-layout-flex\">\n<figure data-wp-context=\"{&quot;imageId&quot;:&quot;69e20bf41cfd1&quot;}\" data-wp-interactive=\"core\/image\" data-wp-key=\"69e20bf41cfd1\" class=\"wp-block-image size-large wp-lightbox-container\"><img loading=\"lazy\" decoding=\"async\" width=\"976\" height=\"549\" data-wp-class--hide=\"state.isContentHidden\" data-wp-class--show=\"state.isContentVisible\" data-wp-init=\"callbacks.setButtonStyles\" data-wp-on--click=\"actions.showLightbox\" data-wp-on--load=\"callbacks.setButtonStyles\" data-wp-on-window--resize=\"callbacks.setButtonStyles\" data-id=\"88\" src=\"https:\/\/cafeteriaculturalsalvaterra.com\/wp-content\/uploads\/2024\/03\/slider-1.jpg\" alt=\"\" class=\"wp-image-88\"\/><button\n\t\t\tclass=\"lightbox-trigger\"\n\t\t\ttype=\"button\"\n\t\t\taria-haspopup=\"dialog\"\n\t\t\taria-label=\"Agrandar\"\n\t\t\tdata-wp-init=\"callbacks.initTriggerButton\"\n\t\t\tdata-wp-on--click=\"actions.showLightbox\"\n\t\t\tdata-wp-style--right=\"state.imageButtonRight\"\n\t\t\tdata-wp-style--top=\"state.imageButtonTop\"\n\t\t>\n\t\t\t<svg xmlns=\"http:\/\/www.w3.org\/2000\/svg\" width=\"12\" height=\"12\" fill=\"none\" viewBox=\"0 0 12 12\">\n\t\t\t\t<path fill=\"#fff\" d=\"M2 0a2 2 0 0 0-2 2v2h1.5V2a.5.5 0 0 1 .5-.5h2V0H2Zm2 10.5H2a.5.5 0 0 1-.5-.5V8H0v2a2 2 0 0 0 2 2h2v-1.5ZM8 12v-1.5h2a.5.5 0 0 0 .5-.5V8H12v2a2 2 0 0 1-2 2H8Zm2-12a2 2 0 0 1 2 2v2h-1.5V2a.5.5 0 0 0-.5-.5H8V0h2Z\" \/>\n\t\t\t<\/svg>\n\t\t<\/button><figcaption class=\"wp-element-caption\">Caf\u00e9s <\/figcaption><\/figure>\n\n\n\n<figure data-wp-context=\"{&quot;imageId&quot;:&quot;69e20bf41d3be&quot;}\" data-wp-interactive=\"core\/image\" data-wp-key=\"69e20bf41d3be\" class=\"wp-block-image size-full wp-lightbox-container\"><img loading=\"lazy\" decoding=\"async\" width=\"1200\" height=\"675\" data-wp-class--hide=\"state.isContentHidden\" data-wp-class--show=\"state.isContentVisible\" data-wp-init=\"callbacks.setButtonStyles\" data-wp-on--click=\"actions.showLightbox\" data-wp-on--load=\"callbacks.setButtonStyles\" data-wp-on-window--resize=\"callbacks.setButtonStyles\" data-id=\"178\" src=\"https:\/\/cafeteriaculturalsalvaterra.com\/wp-content\/uploads\/2024\/03\/refrescos.jpg\" alt=\"\" class=\"wp-image-178\"\/><button\n\t\t\tclass=\"lightbox-trigger\"\n\t\t\ttype=\"button\"\n\t\t\taria-haspopup=\"dialog\"\n\t\t\taria-label=\"Agrandar\"\n\t\t\tdata-wp-init=\"callbacks.initTriggerButton\"\n\t\t\tdata-wp-on--click=\"actions.showLightbox\"\n\t\t\tdata-wp-style--right=\"state.imageButtonRight\"\n\t\t\tdata-wp-style--top=\"state.imageButtonTop\"\n\t\t>\n\t\t\t<svg xmlns=\"http:\/\/www.w3.org\/2000\/svg\" width=\"12\" height=\"12\" fill=\"none\" viewBox=\"0 0 12 12\">\n\t\t\t\t<path fill=\"#fff\" d=\"M2 0a2 2 0 0 0-2 2v2h1.5V2a.5.5 0 0 1 .5-.5h2V0H2Zm2 10.5H2a.5.5 0 0 1-.5-.5V8H0v2a2 2 0 0 0 2 2h2v-1.5ZM8 12v-1.5h2a.5.5 0 0 0 .5-.5V8H12v2a2 2 0 0 1-2 2H8Zm2-12a2 2 0 0 1 2 2v2h-1.5V2a.5.5 0 0 0-.5-.5H8V0h2Z\" \/>\n\t\t\t<\/svg>\n\t\t<\/button><figcaption class=\"wp-element-caption\">Refrescos<\/figcaption><\/figure>\n\n\n\n<figure data-wp-context=\"{&quot;imageId&quot;:&quot;69e20bf41d740&quot;}\" data-wp-interactive=\"core\/image\" data-wp-key=\"69e20bf41d740\" class=\"wp-block-image size-full wp-lightbox-container\"><img loading=\"lazy\" decoding=\"async\" width=\"848\" height=\"477\" data-wp-class--hide=\"state.isContentHidden\" data-wp-class--show=\"state.isContentVisible\" data-wp-init=\"callbacks.setButtonStyles\" data-wp-on--click=\"actions.showLightbox\" data-wp-on--load=\"callbacks.setButtonStyles\" data-wp-on-window--resize=\"callbacks.setButtonStyles\" data-id=\"180\" src=\"https:\/\/cafeteriaculturalsalvaterra.com\/wp-content\/uploads\/2024\/03\/bocatas.jpg\" alt=\"\" class=\"wp-image-180\"\/><button\n\t\t\tclass=\"lightbox-trigger\"\n\t\t\ttype=\"button\"\n\t\t\taria-haspopup=\"dialog\"\n\t\t\taria-label=\"Agrandar\"\n\t\t\tdata-wp-init=\"callbacks.initTriggerButton\"\n\t\t\tdata-wp-on--click=\"actions.showLightbox\"\n\t\t\tdata-wp-style--right=\"state.imageButtonRight\"\n\t\t\tdata-wp-style--top=\"state.imageButtonTop\"\n\t\t>\n\t\t\t<svg xmlns=\"http:\/\/www.w3.org\/2000\/svg\" width=\"12\" height=\"12\" fill=\"none\" viewBox=\"0 0 12 12\">\n\t\t\t\t<path fill=\"#fff\" d=\"M2 0a2 2 0 0 0-2 2v2h1.5V2a.5.5 0 0 1 .5-.5h2V0H2Zm2 10.5H2a.5.5 0 0 1-.5-.5V8H0v2a2 2 0 0 0 2 2h2v-1.5ZM8 12v-1.5h2a.5.5 0 0 0 .5-.5V8H12v2a2 2 0 0 1-2 2H8Zm2-12a2 2 0 0 1 2 2v2h-1.5V2a.5.5 0 0 0-.5-.5H8V0h2Z\" \/>\n\t\t\t<\/svg>\n\t\t<\/button><figcaption class=\"wp-element-caption\">Bocadillos <\/figcaption><\/figure>\n<\/figure>\n\n\n\n<div style=\"height:75px\" aria-hidden=\"true\" class=\"wp-block-spacer\"><\/div>\n","protected":false},"excerpt":{"rendered":"<p>Nuestra carta \u00a1Descubre el placer en cada sorbo y bocado en nuestro Centro Cultural en Salvaterra! Te invitamos a disfrutar de una experiencia sensorial \u00fanica con nuestras deliciosas bebidas y bocadillos. Desde la intensidad arom\u00e1tica de nuestros caf\u00e9s hasta la frescura revitalizante de nuestros refrescos artesanales, cada opci\u00f3n est\u00e1 dise\u00f1ada para complacer tu paladar. Siente [&hellip;]<\/p>\n","protected":false},"author":1,"featured_media":0,"parent":0,"menu_order":0,"comment_status":"closed","ping_status":"closed","template":"","meta":{"footnotes":""},"class_list":["post-16","page","type-page","status-publish","hentry"],"_links":{"self":[{"href":"https:\/\/cafeteriaculturalsalvaterra.com\/index.php\/wp-json\/wp\/v2\/pages\/16","targetHints":{"allow":["GET"]}}],"collection":[{"href":"https:\/\/cafeteriaculturalsalvaterra.com\/index.php\/wp-json\/wp\/v2\/pages"}],"about":[{"href":"https:\/\/cafeteriaculturalsalvaterra.com\/index.php\/wp-json\/wp\/v2\/types\/page"}],"author":[{"embeddable":true,"href":"https:\/\/cafeteriaculturalsalvaterra.com\/index.php\/wp-json\/wp\/v2\/users\/1"}],"replies":[{"embeddable":true,"href":"https:\/\/cafeteriaculturalsalvaterra.com\/index.php\/wp-json\/wp\/v2\/comments?post=16"}],"version-history":[{"count":14,"href":"https:\/\/cafeteriaculturalsalvaterra.com\/index.php\/wp-json\/wp\/v2\/pages\/16\/revisions"}],"predecessor-version":[{"id":210,"href":"https:\/\/cafeteriaculturalsalvaterra.com\/index.php\/wp-json\/wp\/v2\/pages\/16\/revisions\/210"}],"wp:attachment":[{"href":"https:\/\/cafeteriaculturalsalvaterra.com\/index.php\/wp-json\/wp\/v2\/media?parent=16"}],"curies":[{"name":"wp","href":"https:\/\/api.w.org\/{rel}","templated":true}]}}