{"id":14,"date":"2024-03-13T10:39:11","date_gmt":"2024-03-13T09:39:11","guid":{"rendered":"https:\/\/cafeteriaculturalsalvaterra.com\/?page_id=14"},"modified":"2024-03-19T12:25:18","modified_gmt":"2024-03-19T11:25:18","slug":"inicio","status":"publish","type":"page","link":"https:\/\/cafeteriaculturalsalvaterra.com\/","title":{"rendered":"Inicio"},"content":{"rendered":"\n\n\n\n\n<div class=\"wp-block-group alignwide has-white-background-color has-text-color has-background\" style=\"color:#000000\"><div class=\"wp-block-group__inner-container is-layout-flow wp-block-group-is-layout-flow\">\n<div style=\"height:64px\" aria-hidden=\"true\" class=\"wp-block-spacer\"><\/div>\n\n\n\n<p class=\"has-text-align-center has-small-font-size\" style=\"line-height:.9\"><strong>Ponte en contacto<\/strong><\/p>\n\n\n\n<h2 class=\"wp-block-heading has-text-align-center\" id=\"schedule-a-visit\" style=\"font-size:59px;line-height:1.15\"><strong>-Con\u00f3cenos-<\/strong><\/h2>\n\n\n\n<div class=\"wp-block-buttons is-horizontal is-content-justification-center is-layout-flex wp-container-core-buttons-is-layout-499968f5 wp-block-buttons-is-layout-flex\">\n<div class=\"wp-block-button has-custom-width wp-block-button__width-50\"><a class=\"wp-block-button__link has-text-color has-background wp-element-button\" href=\"https:\/\/cafeteriaculturalsalvaterra.com\/index.php\/nosotros\/\" style=\"border-radius:50px;color:#ffffff;background-color:#000000\">Aqu\u00ed<\/a><\/div>\n<\/div>\n\n\n\n<div style=\"height:64px\" aria-hidden=\"true\" class=\"wp-block-spacer\"><\/div>\n<\/div><\/div>\n\n\n\n<div class=\"wp-block-columns alignwide is-layout-flex wp-container-core-columns-is-layout-829b1d53 wp-block-columns-is-layout-flex\" style=\"margin-bottom:0\">\n<div class=\"wp-block-column has-text-color has-background has-link-color wp-elements-e90485777d27282ce25a18646734db95 is-layout-flow wp-block-column-is-layout-flow\" style=\"color:#000000;background-color:#704f3887;padding-top:2em;padding-right:2em;padding-bottom:2em;padding-left:2em\"><div class=\"wp-block-image\">\n<figure class=\"aligncenter size-full is-resized\"><img loading=\"lazy\" decoding=\"async\" width=\"512\" height=\"512\" src=\"https:\/\/cafeteriaculturalsalvaterra.com\/wp-content\/uploads\/2024\/03\/menu.png\" alt=\"\" class=\"wp-image-196\" style=\"width:100px\"\/><\/figure>\n<\/div>\n\n\n<hr class=\"wp-block-separator has-text-color has-css-opacity has-background is-style-wide\" style=\"background-color:#000000;color:#000000\"\/>\n\n\n\n<p>Carta del centro cultural: Descubre nuestra selecci\u00f3n gastron\u00f3mica, desde exquisitos caf\u00e9s hasta tentadores bocadillos. \u00a1Sum\u00e9rgete en una experiencia culinaria \u00fanica!<\/p>\n\n\n\n<div class=\"wp-block-buttons is-content-justification-center is-layout-flex wp-container-core-buttons-is-layout-16018d1d wp-block-buttons-is-layout-flex\">\n<div class=\"wp-block-button\"><a class=\"wp-block-button__link has-background wp-element-button\" href=\"https:\/\/cafeteriaculturalsalvaterra.com\/index.php\/carta\/\" style=\"border-radius:10px;background-color:#6f4e37\">M\u00e1s<\/a><\/div>\n<\/div>\n<\/div>\n\n\n\n<div class=\"wp-block-column has-text-color has-background has-link-color wp-elements-75285a64a2d7fba129dff8d1b03f431e is-layout-flow wp-block-column-is-layout-flow\" style=\"color:#000000;background-color:#6f4e37;padding-top:2em;padding-right:2em;padding-bottom:2em;padding-left:2em\"><div class=\"wp-block-image\">\n<figure class=\"aligncenter size-full is-resized\"><img loading=\"lazy\" decoding=\"async\" width=\"512\" height=\"512\" src=\"https:\/\/cafeteriaculturalsalvaterra.com\/wp-content\/uploads\/2024\/03\/grupo.png\" alt=\"\" class=\"wp-image-198\" style=\"width:100px\"\/><\/figure>\n<\/div>\n\n\n<hr class=\"wp-block-separator has-text-color has-css-opacity has-background is-style-wide\" style=\"background-color:#000000;color:#000000\"\/>\n\n\n\n<p> Conoce nuestra pasi\u00f3n por el arte del caf\u00e9 y nuestra dedicaci\u00f3n a brindar momentos memorables. Desde nuestra historia hasta nuestros valores, \u00a1te invitamos a conocer m\u00e1s sobre qui\u00e9nes somos!<\/p>\n\n\n\n<div class=\"wp-block-buttons is-content-justification-center is-layout-flex wp-container-core-buttons-is-layout-16018d1d wp-block-buttons-is-layout-flex\">\n<div class=\"wp-block-button\"><a class=\"wp-block-button__link has-background wp-element-button\" href=\"https:\/\/cafeteriaculturalsalvaterra.com\/index.php\/nosotros\/\" style=\"border-radius:10px;background-color:#463023\">M\u00e1s<\/a><\/div>\n<\/div>\n<\/div>\n\n\n\n<div class=\"wp-block-column has-text-color has-background has-link-color wp-elements-79a8332bd50964763d3eb157e273f54f is-layout-flow wp-block-column-is-layout-flow\" style=\"color:#000000;background-color:#704f3887;padding-top:2em;padding-right:2em;padding-bottom:2em;padding-left:2em\"><div class=\"wp-block-image\">\n<figure class=\"aligncenter size-full is-resized\"><img loading=\"lazy\" decoding=\"async\" width=\"512\" height=\"512\" src=\"https:\/\/cafeteriaculturalsalvaterra.com\/wp-content\/uploads\/2024\/03\/marcador-de-posicion.png\" alt=\"\" class=\"wp-image-199\" style=\"aspect-ratio:1;object-fit:cover;width:100px\"\/><\/figure>\n<\/div>\n\n\n<hr class=\"wp-block-separator has-text-color has-css-opacity has-background is-style-wide\" style=\"background-color:#000000;color:#000000\"\/>\n\n\n\n<p>Explora nuestro acogedor rinc\u00f3n en el coraz\u00f3n de la ciudad, un refugio donde convergen la calidez del ambiente y la excelencia en el servicio. \u00a1Descubre nuestra ubicaci\u00f3n privilegiada!<\/p>\n\n\n\n<div class=\"wp-block-buttons is-content-justification-center is-layout-flex wp-container-core-buttons-is-layout-16018d1d wp-block-buttons-is-layout-flex\">\n<div class=\"wp-block-button\"><a class=\"wp-block-button__link has-background wp-element-button\" href=\"https:\/\/cafeteriaculturalsalvaterra.com\/index.php\/encuentranos\/(\" style=\"border-radius:10px;background-color:#6f4e37\">M\u00e1s<\/a><\/div>\n<\/div>\n<\/div>\n<\/div>\n","protected":false},"excerpt":{"rendered":"<p>Ponte en contacto -Con\u00f3cenos- Carta del centro cultural: Descubre nuestra selecci\u00f3n gastron\u00f3mica, desde exquisitos caf\u00e9s hasta tentadores bocadillos. \u00a1Sum\u00e9rgete en una experiencia culinaria \u00fanica! Conoce nuestra pasi\u00f3n por el arte del caf\u00e9 y nuestra dedicaci\u00f3n a brindar momentos memorables. Desde nuestra historia hasta nuestros valores, \u00a1te invitamos a conocer m\u00e1s sobre qui\u00e9nes somos! Explora nuestro [&hellip;]<\/p>\n","protected":false},"author":1,"featured_media":0,"parent":0,"menu_order":0,"comment_status":"closed","ping_status":"closed","template":"","meta":{"footnotes":""},"class_list":["post-14","page","type-page","status-publish","hentry"],"_links":{"self":[{"href":"https:\/\/cafeteriaculturalsalvaterra.com\/index.php\/wp-json\/wp\/v2\/pages\/14","targetHints":{"allow":["GET"]}}],"collection":[{"href":"https:\/\/cafeteriaculturalsalvaterra.com\/index.php\/wp-json\/wp\/v2\/pages"}],"about":[{"href":"https:\/\/cafeteriaculturalsalvaterra.com\/index.php\/wp-json\/wp\/v2\/types\/page"}],"author":[{"embeddable":true,"href":"https:\/\/cafeteriaculturalsalvaterra.com\/index.php\/wp-json\/wp\/v2\/users\/1"}],"replies":[{"embeddable":true,"href":"https:\/\/cafeteriaculturalsalvaterra.com\/index.php\/wp-json\/wp\/v2\/comments?post=14"}],"version-history":[{"count":19,"href":"https:\/\/cafeteriaculturalsalvaterra.com\/index.php\/wp-json\/wp\/v2\/pages\/14\/revisions"}],"predecessor-version":[{"id":203,"href":"https:\/\/cafeteriaculturalsalvaterra.com\/index.php\/wp-json\/wp\/v2\/pages\/14\/revisions\/203"}],"wp:attachment":[{"href":"https:\/\/cafeteriaculturalsalvaterra.com\/index.php\/wp-json\/wp\/v2\/media?parent=14"}],"curies":[{"name":"wp","href":"https:\/\/api.w.org\/{rel}","templated":true}]}}

<div class="wp-block-group alignwide has-white-background-color has-text-color has-background" style="color:#000000"><div class="wp-block-group__inner-container is-layout-flow wp-block-group-is-layout-flow">
<div style="height:64px" aria-hidden="true" class="wp-block-spacer"></div>



<p class="has-text-align-center has-small-font-size" style="line-height:.9"><strong>Ponte en contacto</strong></p>



<h2 class="wp-block-heading has-text-align-center" id="schedule-a-visit" style="font-size:59px;line-height:1.15"><strong>-Conócenos-</strong></h2>



<div class="wp-block-buttons is-horizontal is-content-justification-center is-layout-flex wp-container-core-buttons-is-layout-499968f5 wp-block-buttons-is-layout-flex">
<div class="wp-block-button has-custom-width wp-block-button__width-50"><a class="wp-block-button__link has-text-color has-background wp-element-button" href="https://cafeteriaculturalsalvaterra.com/index.php/nosotros/" style="border-radius:50px;color:#ffffff;background-color:#000000">Aquí</a></div>
</div>



<div style="height:64px" aria-hidden="true" class="wp-block-spacer"></div>
</div></div>



<div class="wp-block-columns alignwide is-layout-flex wp-container-core-columns-is-layout-829b1d53 wp-block-columns-is-layout-flex" style="margin-bottom:0">
<div class="wp-block-column has-text-color has-background has-link-color wp-elements-e90485777d27282ce25a18646734db95 is-layout-flow wp-block-column-is-layout-flow" style="color:#000000;background-color:#704f3887;padding-top:2em;padding-right:2em;padding-bottom:2em;padding-left:2em"><div class="wp-block-image">
<figure class="aligncenter size-full is-resized"><img loading="lazy" decoding="async" width="512" height="512" src="https://cafeteriaculturalsalvaterra.com/wp-content/uploads/2024/03/menu.png" alt="" class="wp-image-196" style="width:100px"/></figure>
</div>


<hr class="wp-block-separator has-text-color has-css-opacity has-background is-style-wide" style="background-color:#000000;color:#000000"/>



<p>Carta del centro cultural: Descubre nuestra selección gastronómica, desde exquisitos cafés hasta tentadores bocadillos. ¡Sumérgete en una experiencia culinaria única!</p>



<div class="wp-block-buttons is-content-justification-center is-layout-flex wp-container-core-buttons-is-layout-16018d1d wp-block-buttons-is-layout-flex">
<div class="wp-block-button"><a class="wp-block-button__link has-background wp-element-button" href="https://cafeteriaculturalsalvaterra.com/index.php/carta/" style="border-radius:10px;background-color:#6f4e37">Más</a></div>
</div>
</div>



<div class="wp-block-column has-text-color has-background has-link-color wp-elements-75285a64a2d7fba129dff8d1b03f431e is-layout-flow wp-block-column-is-layout-flow" style="color:#000000;background-color:#6f4e37;padding-top:2em;padding-right:2em;padding-bottom:2em;padding-left:2em"><div class="wp-block-image">
<figure class="aligncenter size-full is-resized"><img loading="lazy" decoding="async" width="512" height="512" src="https://cafeteriaculturalsalvaterra.com/wp-content/uploads/2024/03/grupo.png" alt="" class="wp-image-198" style="width:100px"/></figure>
</div>


<hr class="wp-block-separator has-text-color has-css-opacity has-background is-style-wide" style="background-color:#000000;color:#000000"/>



<p> Conoce nuestra pasión por el arte del café y nuestra dedicación a brindar momentos memorables. Desde nuestra historia hasta nuestros valores, ¡te invitamos a conocer más sobre quiénes somos!</p>



<div class="wp-block-buttons is-content-justification-center is-layout-flex wp-container-core-buttons-is-layout-16018d1d wp-block-buttons-is-layout-flex">
<div class="wp-block-button"><a class="wp-block-button__link has-background wp-element-button" href="https://cafeteriaculturalsalvaterra.com/index.php/nosotros/" style="border-radius:10px;background-color:#463023">Más</a></div>
</div>
</div>



<div class="wp-block-column has-text-color has-background has-link-color wp-elements-79a8332bd50964763d3eb157e273f54f is-layout-flow wp-block-column-is-layout-flow" style="color:#000000;background-color:#704f3887;padding-top:2em;padding-right:2em;padding-bottom:2em;padding-left:2em"><div class="wp-block-image">
<figure class="aligncenter size-full is-resized"><img loading="lazy" decoding="async" width="512" height="512" src="https://cafeteriaculturalsalvaterra.com/wp-content/uploads/2024/03/marcador-de-posicion.png" alt="" class="wp-image-199" style="aspect-ratio:1;object-fit:cover;width:100px"/></figure>
</div>


<hr class="wp-block-separator has-text-color has-css-opacity has-background is-style-wide" style="background-color:#000000;color:#000000"/>



<p>Explora nuestro acogedor rincón en el corazón de la ciudad, un refugio donde convergen la calidez del ambiente y la excelencia en el servicio. ¡Descubre nuestra ubicación privilegiada!</p>



<div class="wp-block-buttons is-content-justification-center is-layout-flex wp-container-core-buttons-is-layout-16018d1d wp-block-buttons-is-layout-flex">
<div class="wp-block-button"><a class="wp-block-button__link has-background wp-element-button" href="https://cafeteriaculturalsalvaterra.com/index.php/encuentranos/(" style="border-radius:10px;background-color:#6f4e37">Más</a></div>
</div>
</div>
</div>

<p>Ponte en contacto -Conócenos- Carta del centro cultural: Descubre nuestra selección gastronómica, desde exquisitos cafés hasta tentadores bocadillos. ¡Sumérgete en una experiencia culinaria única! Conoce nuestra pasión por el arte del café y nuestra dedicación a brindar momentos memorables. Desde nuestra historia hasta nuestros valores, ¡te invitamos a conocer más sobre quiénes somos! Explora nuestro [&hellip;]</p>
